 Let y(b) = -5*b - 159. Let r(h) = 2*l(h) + 19*y(h). Give r(-21).
-4
Let y(w) = 2*w - 3. Suppose 20 = -4*q - 16. Give y(q).
-21
Suppose -5 - 1 = -2*c. Let w be -3*((-5)/c)/5. Let r(k) be the first derivative of 3*k**2/2 - k + 3. Give r(w).
2
Let k(w) = 2*w - 14. Let p be k(10). Let t(o) = -13*o + 13. Let n(b) = 19*b - 20. Let d(v) = 5*n(v) + 7*t(v). Give d(p).
15
Let r be 7 + -3 - (-2)/(2/(-3)). Let t(v) = 2*v**3 - 2*v**2 + v. Let o be t(r). Let f(j) = 12*j + 1. Determine f(o).
13
Let t(w) be the third derivative of -w**4/24 - w**3/2 - 7*w**2. Let y(i) = -5*i - 13. Let m(r) = -9*t(r) + 2*y(r). Calculate m(-4).
5
Suppose 0 = -6*s + s. Suppose s - 5 = -5*p. Suppose -3*z + 14 - 4 = 4*n, -5*n + 3*z = p. Let j(x) = -x. Calculate j(n).
-1
Let c(a) be the first derivative of a**4/4 + 7*a**3 + 21*a**2/2 + 9*a + 32. What is c(-20)?
-11
Suppose -5*z + 21 = 2*t + t, -7 = -t - z. Let c(b) = 5*b**2 - t*b + 5 + 3*b**3 - 4*b**3 + 0. What is c(4)?
-7
Let q(y) = 2*y**2 - 14*y + 14. Let m be q(6). Let x(w) = 4*w**2 - w**2 + 41 - 38 - m*w**2 - 3*w. What is x(6)?
21
Let k(r) be the first derivative of r**5/20 + r**4/12 + 16*r**3/3 + 14. Let a(j) be the third derivative of k(j). Determine a(-2).
-10
Let a(w) be the first derivative of -4 - 5/6*w**3 - 1/2*w**2 + 1/24*w**4 + 0*w. Let z(n) be the second derivative of a(n). Calculate z(4).
-1
Suppose 0 = -2*o - y - 34, -20 = 4*o - 5*y + 34. Let b be (-7)/(28/o) + -3. Let t(m) = -7 + m + 3*m + b + 3. Calculate t(3).
9
Let w(j) = -4*j**3 - 4*j + 4. Suppose 19*x + 31 = 69. What is w(x)?
-36
Let c(a) = a - 5. Let g = -13 + 13. Give c(g).
-5
Let w(x) = 2*x**2 - 28*x - 61. Let u be w(-2). Let f(z) = -z**3 + 4*z**2 - 5*z + 1. Calculate f(u).
-5
Let z(j) = j**2 + 3. Suppose -5*f + 20 = -5. Suppose -4*w + 8 = 3*l, f*l = l - 4*w + 8. Give z(l).
3
Let r(x) = -5*x**2 + 3*x - 5. Let z(l) = -6*l**2 + 2*l - 4. Let v(f) = -3*r(f) + 4*z(f). Let n(a) = -2*a**3 + 2*a**2 - 1. Let h be n(1). Give v(h).
-9
Let g(s) be the first derivative of s**2 + s + 3/4*s**4 - 6 - 4/3*s**3. Suppose 2*r = -4*q, -r + 4 - 3 = q. What is g(r)?
13
Suppose -j + 15 = 2*j. Let w(k) = 2*k**2 + 5*k**2 + k - k**3 + 6 - 2*k**2 - k. Calculate w(j).
6
Let z(m) = m**3 + 2*m**2 - 4*m + 4. Let c be (-12)/(-14)*(-224)/48. Calculate z(c).
-12
Let r(s) = 53*s**2 + s + 1. Suppose -200*j - 21 = -179*j. What is r(j)?
53
Let q(p) = -p - p**2 - 20*p**3 - 19*p**3 + 37*p**3. Let a(u) = -7*u**3 - 4*u**2 - 5*u. Let d(f) = 2*a(f) - 9*q(f). Calculate d(1).
4
Let u(k) = 0 - 12*k**2 + 1 - 3*k + 13*k**2. Determine u(2).
-1
Let a(i) = -5*i**2 + 10*i + 35. Let v(y) = -2*y**2 + 3*y + 12. Let w(t) = -3*a(t) + 8*v(t). Determine w(-6).
-9
Let s(r) = -4. Let v(b) = -b + 1. Let t(c) = s(c) + 3*v(c). Let j = -77 + 75. Calculate t(j).
5
Let n(w) = -4 - 9 + 17 - 3. Let m be 4/(-2)*15/6. Let q(o) = o + 3. Let j(x) = m*n(x) + q(x). Determine j(-6).
-8
Let g(b) = 3*b - 2. Let x be g(2). Let t(s) = s + 1. Let z(k) = -1. Suppose -15*a = 12 + 3. Let w(h) = a*t(h) - z(h). Calculate w(x).
-4
Let v(q) = -2*q + 0*q - 2*q**2 + 477 - 476 - 21*q**3 + 3*q**2 + 3*q. Give v(-1).
22
Let u(w) = -89*w + 2 + 86*w + 1. Let s = 10 + -6. Suppose 6*i - 6 = s*i. What is u(i)?
-6
Let k = -15 - -24. Let p(a) = -a + 6. Calculate p(k).
-3
Let a(m) = -m**3 + 7*m**2 - 4*m - 7. Suppose 0 = -14*o + 12*o + 68. Let b be o/(-289) + (-208)/(-34). What is a(b)?
5
Let n(y) = -y + 14. Let x = -303 + 310. Determine n(x).
7
Let r(p) = -3*p - 2*p + 3*p - 1. Let c(m) = 4 + 0 + 7*m + 0 + 0. Let h(w) = 2*c(w) + 9*r(w). Calculate h(2).
-9
Let s(i) be the first derivative of -27*i**4/4 + i**3/3 + i**2 + i + 191. Determine s(-1).
27
Let x(w) = 2*w**3 - 3*w**2 + 2*w - 4. Let o = 359 + -357. Determine x(o).
4
Let r(w) be the second derivative of w**4/12 + 7*w**3/6 - w**2/2 - 4*w + 44. What is r(-9)?
17
Let c(w) = 3*w - w**2 - 2*w**2 + 2 - 2*w + 2*w**2. Let q(a) = 2*a**2 - a - 4. Let u(r) = -7*c(r) - 3*q(r). Let f = 174 + -170. Calculate u(f).
-2
Let z = 13 + -22. Let g(q) be the first derivative of q**4/4 + 3*q**3 - q**2/2 - 10*q - 392. What is g(z)?
-1
Let y(b) be the third derivative of b**6/120 + b**5/10 + b**4/6 + b**3/6 + 18*b**2. Calculate y(-5).
6
Let t = -44 + 67. Suppose -5 + t = -6*y. Let j(q) = 4*q**2 + q - 2. Let d(i) = 5*i**2 + 2*i - 2. Let p(h) = -5*d(h) + 6*j(h). Determine p(y).
1
Suppose -18 = -2*c - 4. Let j be (1/(-3))/(c/105). Let g(f) be the first derivative of -f**3/3 - 7*f**2/2 - 7*f + 2. Calculate g(j).
3
Let p(m) = m**2 + 9*m + 3. Let u(a) = 3*a - 11. Let v be u(2). Calculate p(v).
-17
Let k(w) = w**2 + 6*w - 12. Suppose -26*i + 24 = -3*p - 29*i, p - 5*i = -2. Give k(p).
-5
Suppose 3*m = -4*j + 2 + 11, 0 = 2*j - 4*m - 34. Let b(r) be the third derivative of r**6/120 - r**5/10 - r**4/6 - 5*r**3/6 + 1135*r**2 + 2. What is b(j)?
16
Let i(b) = -b**3 - 7*b**2 - 7*b - 6. Let t be (1694/(-55))/(1/5). Let p = t + 148. Give i(p).
0
Let w(u) = u**3 + 4*u**2 + 3*u. Let g = -23 + -4. Let i = g + 25. Give w(i).
2
Suppose s = 4*c - 10, 3*c = -0*c - 3*s. Let n(u) = 0 + u**3 + 2*u**c - 4*u**2 + 2 - 4*u. Let f(t) = 3*t**2 - 18*t + 18. Let z be f(1). What is n(z)?
-1
Suppose -49 = -2*q - 45. Let p(j) = -3*j + 8*j**2 + 4 - 2*j**q - 7*j**2. What is p(-4)?
0
Let t(q) = q**2 + 3*q - 8. Let u be t(-8). Suppose -2*g + 6*g - u = 0. Suppose 3*n = -n + g. Let w(f) = -2*f**3 + 2*f**2 - f + 2. Give w(n).
-8
Suppose 4*n - 14 = 2. Suppose 0 = n*z - z - 9. Suppose -z*y + 0 + 3 = -2*w, 0 = -w - 3*y + 12. Let u(t) = -t**3 + 4*t**2 - 2*t + 3. Give u(w).
6
Let i = 7067/21219 + 2/7073. Let v(l) be the first derivative of 2*l**2 - i*l**3 + 8 + 3*l. Give v(-2).
-9
Let x be 30*(49/(-35) + 1). Let h(i) = i**2 + 12*i + 2. Calculate h(x).
2
Let t = -24 - -27. Let p(a) = a - a**2 + 3 - 5*a - t*a - 10. Determine p(-6).
-1
Let i be 2*(1/2 - 1). Let a(h) be the first derivative of -3*h**2 + h - 128. What is a(i)?
7
Let q be (-120)/(-5 + 2) + -4. Let i = q - 29. Let h(m) = m - 1. Give h(i).
6
Let m = 19 + -17. Let h(t) = -t**m + 5*t - t**3 + 5 + 7*t**2 - 10*t. Give h(5).
5
Let a(s) be the second derivative of s**5/20 + s**4/2 - 7*s**3/6 + 7*s**2/2 + 14*s + 8. What is a(-7)?
7
Let c(d) = 1 + 2 - 1 - d + 0. Suppose 71*b = 100*b - 232. Give c(b).
-6
Let r(b) = -6*b + 26 - 23*b + 3 + 16*b**2. Let p(h) = 3*h**2 - 6*h + 6. Let f(t) = -11*p(t) + 2*r(t). Suppose 0 = q + 4*q - 30. What is f(q)?
4
Let p(v) be the second derivative of v**5/60 + v**4/4 + v**3 + 2*v**2 - 17*v. Let q(t) be the first derivative of p(t). What is q(-5)?
1
Let z(n) = -n**3 + 4*n**2 + 7*n - 7. Suppose 5*g - 49 - 1 = 0. Let t be 4*1 - g/(-10). Determine z(t).
3
Suppose 0 = 4*a - 2*a - 6. Let y(l) = -10 - 2*l + 8 - a + l. Let t be 3/(-9) + 2/6. Determine y(t).
-5
Suppose -2*k = -3*k + 8. Suppose 5*a + k = 9*a. Let y(r) = 2*r + r - a*r + 0 - 8. What is y(0)?
-8
Let i(n) = -n**2 + 3*n + 3. Let y(l) = -l - 1. Let k(c) = -i(c) - 2*y(c). Let x(p) = 5*p**2 - 5*p - 4. Let t(w) = 18*k(w) - 4*x(w). What is t(2)?
-6
Let k = 47 + -48. Let q be 1*(0 + -1)/k. Let a(i) = 2*i**3 - 2*i**2 + i. What is a(q)?
1
Let w(z) = 48*z - 23*z + 25 - 19 - 24*z. Give w(-6).
0
Let m(o) = -17*o + 1. Let d be (3 - 55/20)/((-2)/(-8)). Determine m(d).
-16
Let z be 1/(2*2/(-84)). Suppose 0 = -0*v - v + 25. Let c = z + v. Let d(i) = -i**3 + 4*i**2 - i - 2. What is d(c)?
-6
Let c(a) = -3*a - 1. Let x be 38/10 - (-99)/(-55). Calculate c(x).
-7
Let m(d) be the first derivative of -d**2 + 6*d + 93. What is m(5)?
-4
Let f = 6 + -8. Let k(z) = z + 3. Let l(q) = -q + 3. Let n(t) = 2*k(t) - l(t). Calculate n(f).
-3
Suppose 4*r = 2*y - 2, -3*r = 3*y - 7 - 5. Let n(f) = 46 + 6*f**y - 7*f**3 + f**2 - 39. Determine n(0).
7
Let v be 1/(-4) + 35/28. Let d(y) = v - 6 + 1 - y**2 + 5. Give d(1).
0
Let y(t) = t**3 + 4*t - 5. Let r(b) = -b**3 - b + 1. Let x(z) = 2*r(z) + y(z). Suppose 3*w - 2*w - 2 = 0. Determine x(w).
-7
Let y be (-2 - -5)/(9/(-57)). Let j(m) = -m**2 - 21*m - 35. Give j(y).
3
Let j(a) = -2*a**2 - 28*a + 94. Let i be j(3). Let c(r) = -r**3 - 9*r**2 - 6*r + 5. Determine c(i).
-11
Let g(o) = -o**2 - 15*o - 8. Suppose 54 = -20*u - 246. Calculate g(u).
-8
Let o = 1615 - 1614. Let b(q) = -q**2 - 5*q + 4. Calculate b(o).
-2
Suppose 13*f = 5*f + 16. Let t(o) = 62*o - 2 + f*o**2 - o**2 - 68*o. Give t(6).
-2
Let w(d) = d**2 + d + 2. Let q(j) = 3*j -